f j?
2, 13
Suppose 18*i = 14*i. Suppose 3*y = i, 0*n - 5*y + 565 = 5*n. What are the prime factors of n?
113
Suppose -t - 10 = -4*l + 7, 3*t + 30 = 5*l. Let p = t + 1. What are the prime factors of (6/p)/(6/(-88))?
2, 11
Let f = 635 - -591. What are the prime factors of f?
2, 613
Let m(o) = 130*o - 100. List the prime factors of m(3).
2, 5, 29
Suppose -3*a - 6*l = -2*l + 29, -l = 3*a + 14. Let s be (4 + a)*(2 - 2). Suppose 2*u + u + 84 = 4*t, s = -u. List the prime factors of t.
3, 7
Let g be (-9)/(-12)*(-6 - -2). Let l = g + 13. List the prime factors of l.
2, 5
Let w(n) = 22*n - 663. Let v be w(26). Let f = 4 + 3. What are the prime factors of 50/f - (-13)/v?
7
Let u(j) = j**3 - j + 78. Let h be u(0). Let r = 110 - 73. Let g = h - r. What are the prime factors of g?
41
Let s be (-40)/(-32)*(-6 - 2). Let u be (-2)/s + 976/20. Let b = u + -35. List the prime factors of b.
2, 7
Suppose 15*l + 1350 = 20*l. What are the prime factors of l?
2, 3, 5
Let g(y) be the first derivative of y**4/12 + 4*y**3/3 - 11*y**2/2 - y - 5. Let r(h) be the first derivative of g(h). List the prime factors of r(-10).
3
List the prime factors of 56/(-6)*(-969)/38.
2, 7, 17
Suppose -4*z - 2*l = 100, -5*z = -l + 3*l + 125. Let a = z + 30. List the prime factors of a.
5
Let n be (72/27)/((-2)/(-3)). List the prime factors of 61/(-2)*4*n/(-8).
61
Let l(v) = -149*v**2 - 2*v + 1. Let k be l(1). Let t be 2 - (5 - ((-636)/6 + 3)). Let d = t - k. List the prime factors of d.
2, 11
Suppose 4*o = -10 + 2. Let x be (10 - (-16)/(-4))/o. List the prime factors of 3 - (x - (-4)/2).
2
Let u(m) be the third derivative of -3*m**6/20 + m**4/24 - 25*m**2 + 2. Let b = 1 - 2. List the prime factors of u(b).
17
Let b(d) = 43*d**2 + 13*d - 52. What are the prime factors of b(4)?
2, 43
Let j = 12 + -8. Suppose 4*v + 8 = -j. List the prime factors of (-14 + 2)/(-1) - v.
3, 5
Let v(k) = 2*k**2 - 5*k - 8. Let t(i) = i - 10. Let w be t(6). What are the prime factors of v(w)?
2, 11
Suppose 0 = -2*q + 4*q + 72. Let c be 8/q - (-6)/27. Let h(n) = -n**3 - n**2 + n + 17. What are the prime factors of h(c)?
17
Suppose x + 4*s + s = -272, 5*x - 2*s = -1360. Let t = x + 489. List the prime factors of t.
7, 31
Let q be (2 + -1 + -2)*(-9 + 2). Suppose y - q*n + 3*n = 224, y = -3*n + 203. List the prime factors of y.
2, 53
Let y(f) = -f**2 + f + 2. Let b be y(2). Suppose -23*u + 20*u + 345 = b. What are the prime factors of u?
5, 23
Suppose -8*i + 24 = -0*i. Suppose i*v + 3*g + 224 = 4*v, 0 = 5*v - 3*g - 1132. What are the prime factors of v?
227
Suppose -7*r = -925 - 5739. List the prime factors of r.
2, 7, 17
Suppose h + 9 = 4*h. Suppose -4*w = -2*w - s - 610, s = h*w - 916. What are the prime factors of w?
2, 3, 17
Let r(b) = b**3 - 17*b**2 - b + 18. Let i be r(17). List the prime factors of i/(3/(-360))*(-12)/18.
2, 5
Suppose d + 74 = p + 28, 0 = -5*d - 10. Suppose 4*m - 188 = p. List the prime factors of m.
2, 29
Suppose -3*g = 3, 4*s + 20 = g - 35. Let f = s + 103. List the prime factors of f.
89
Suppose -2*f = -3*j + 103, -2*f = j + 3*f - 23. Suppose -198 = j*y - 34*y. List the prime factors of y.
2, 3, 11
Suppose -30007 = -3*i - 34*i. List the prime factors of i.
811
Let f(u) = -u**3 + 8*u**2 - 10*u + 7. Let a be f(6). Let c = 13 - -17. Suppose -l = -c - a. What are the prime factors of l?
7
Let j(s) = 30*s**2 + 15*s - 105. List the prime factors of j(6).
3, 5, 71
Let d = -259 - -615. Let x = d + -189. What are the prime factors of x?
167
Let k(d) = -d**2 + 6*d + 10. Let m be k(8). Let z = m - -10. Suppose 2*y + 98 = z*t, y - 5*y = -2*t + 52. What are the prime factors of t?
2, 3
Suppose -4*n + b = -33, -11*b + 3 = n - 6*b. Suppose -4*d - 8 = -n*d, -3*p = 4*d - 722. What are the prime factors of p?
2, 7, 17
Suppose -36*k + 27*k = -12159. List the prime factors of k.
7, 193
Let t(d) be the third derivative of -d**5/60 + 49*d**3/6 + 6*d**2. What are the prime factors of t(0)?
7
Let q be 2/(-4) - 11/(-2). Suppose -5*o + 4*s + 129 = -0*o, -5*s = q*o - 120. Suppose 0 = 3*p + 2*k - 122, -o = -p + k + 9. What are the prime factors of p?
2, 19
Suppose 2*y = 4*s + 48, s - 50 = 5*s - 3*y. Let c(h) be the first derivative of -h**4/4 - 11*h**3/3 - h**2 + 10*h - 2. List the prime factors of c(s).
2
Suppose 7*z - 596 = 4*z - 5*q, 0 = -3*z + 4*q + 614. What are the prime factors of z?
2, 101
Let l(o) = o**3 + 3*o**2 + 3*o + 5. Let u be l(-2). Suppose 12 = u*j - 5*v - 49, -3*j + 2*v + 73 = 0. Suppose j = 6*z - 3*z. What are the prime factors of z?
3
Suppose -11 = 6*h - 11. List the prime factors of 48/(h - 2 - -3).
2, 3
Let z be -4 + -30 + (-3)/(-1). Let g = z - -80. What are the prime factors of g?
7
Let y = 1198 - 762. List the prime factors of y.
2, 109
Suppose 0 = 3*g + 4*b + 3, 5 = 4*g - 5*b - 22. Suppose 117 = l + 2*h - 47, -g*h + 9 = 0. Suppose 22 - l = -4*j. What are the prime factors of j?
2, 17
Suppose -1 = u - 4*d + 5, -u - d = -4. Suppose -49 - 121 = -u*q. Suppose -2*j + 0*j - 82 = -4*a, -4*a + q = j. What are the prime factors of a?
3, 7
Let x(r) = 2*r + 18. Let p be x(-7). Suppose -5*d + 239 = p*z, -2*d + z + 4*z = -122. What are the prime factors of d?
3, 17
Let y be 6/(-4)*10/(-3). Suppose -194 = -4*i + 2*u + u, 5*i - y*u = 240. List the prime factors of i.
2, 5
Suppose -4*r + 4*l + 2 = 10, -5*r - 5*l = -10. Suppose r = -3*a - 20 + 206. List the prime factors of a.
2, 31
Suppose 19 = -2*z - 5*o, 3*z + 4*o + 11 = -0*o. Suppose -4*h = -5*h + z. List the prime factors of -3*(-26)/(h + -1).
3, 13
Let p(h) = -h - 5. Let o be p(5). Let j be (-12)/30 - 1074/o. Suppose 2*m - q - j = 31, -2*m + 2*q = -142. List the prime factors of m.
67
Suppose 2*n = -i + 13, -3*n - 7 - 1 = -4*i. Suppose -78 - 2 = -i*h + y, -3*h - 5*y + 76 = 0. List the prime factors of h.
17
Suppose -4*j - 4*k = -10 - 10, 5*j - 20 = -4*k. Let t(u) = 2 + j*u + 0 + 1 - 3*u. List the prime factors of t(-5).
2, 3
Let n = 12514 + -7344. List the prime factors of n.
2, 5, 11, 47
Let u = -690 - -1165. Suppose -u = -14*c + 1177. What are the prime factors of c?
2, 59
Suppose -o + 5*o = 12. Suppose -t + 12 = o*t. Let d(j) = 5*j + 3. What are the prime factors of d(t)?
2, 3
Let c be -20*((-36)/(-10) + -4). Suppose -178 = -c*t + 6*t. Let m = t + -7. What are the prime factors of m?
2, 41
Suppose -4*w - 25 + 141 = 0. Let z = w - 22. What are the prime factors of z?
7
Suppose 3*t + u + 4 = t, 0 = -4*t - 3*u - 12. Suppose t = -a + 9*a - 304. List the prime factors of a.
2, 19
Let j(n) = 11*n**2 + 25*n + 378. What are the prime factors of j(-12)?
2, 3, 277
Let g(q) = -q**3 + 10*q**2 - 8*q + 2. Let u be g(9). Suppose -3*r + u = 2. Suppose -2 = -r*x + 31. List the prime factors of x.
11
List the prime factors of ((-450)/(-30))/(6/(-136))*-5.
2, 5, 17
Let r(b) = -719*b - 568. What are the prime factors of r(-3)?
7, 227
Let p = 3 - -1. Suppose -2*v = 10, -m + 2*v - p*v = -264. List the prime factors of m.
2, 137
Let d(l) be the second derivative of 11/12*l**4 - 1/20*l**5 - 12*l + 0 + l**2 + 5/6*l**3. What are the prime factors of d(11)?
3, 19
Suppose -s + 20 = -0*l + 2*l, 5*l - 52 = -3*s. Suppose 5*y - l*c = -6*c + 930, 2*y = -2*c + 358. List the prime factors of y.
2, 23
Let u(q) = -q**2 - 8*q. Suppose -2*t - 24 = 2*t. Let j be u(t). What are the prime factors of 56/j - (-6)/(-9)?
2
Let p = -16 - -21. Suppose 9*m - p*m - 320 = 0. List the prime factors of 48/m + (-384)/(-10).
3, 13
Let s be -4 - -8 - (12 + -1). Let v(z) = z**2 + 7*z + 1. Let g(f) = -2*f**2 - 15*f - 3. Let q(y) = 6*g(y) + 11*v(y). What are the prime factors of q(s)?
5, 7
Suppose 5*h = h + 176. Let x = h + -14. What are the prime factors of (-186)/(-10) + (-18)/x?
2, 3
Let b(y) = -y**3 + 17*y**2 - 19*y - 41. What are the prime factors of b(15)?
2, 31
Let v = 28 - -5. List the prime factors of (-1 - -4)/(v/671).
61
Suppose 1652*y - 8440 = 1642*y. What are the prime factors of y?
2, 211
Let l be 0/(-2) - 12/(-2). Let o = l + -4. Let t(x) = 9*x - 2. List the prime factors of t(o).
2
Suppose 2*w = -3*f + 2, 6*w - 2*w - 10 = -3*f. Let d(a) = -4*a + 23. Let k(y) = 4*y - 24. Let p(v) = w*d(v) + 3*k(v). List the prime factors of p(-7).
2, 3
Suppose 135 = -21*t + 9. Let v(o) = -4*o**2 - 6*o - 6. Let h(a) = a**2 + a. Let q(n) = -2*h(n) - v(n). What are the prime factors of q(t)?
2, 3
Let f = 69 + 